ue
Is 2466983543 prime?
False
Is 22859650493 a prime number?
True
Is 678424163 a prime number?
False
Is 1096875601 prime?
False
Is 20142336679 a prime number?
True
Is 7358073629 composite?
False
Is 9872213809 composite?
True
Is 170083993511 a prime number?
False
Is 182786369 a composite number?
False
Is 50230712029 composite?
False
Is 88103999809 prime?
False
Is 81877782151 prime?
False
Is 407706081 a composite number?
True
Is 2271690799 a prime number?
False
Is 182023951 a composite number?
True
Is 418936093 a prime number?
True
Is 9759011583 composite?
True
Is 20948874879 a composite number?
True
Is 2987818193 prime?
True
Is 14756531863 a composite number?
False
Is 576867587 composite?
False
Is 6447774629 prime?
False
Is 1491407461 a prime number?
False
Is 5697280063 composite?
True
Is 6325927991 composite?
False
Is 6407984767 a prime number?
False
Is 97688663 prime?
True
Is 1060076359 a prime number?
False
Is 3079995137 prime?
True
Is 6471111677 a composite number?
True
Is 3492822131 composite?
False
Is 1697572241 composite?
True
Is 2845197743 a prime number?
False
Is 19650376261 prime?
True
Is 178878002335 prime?
False
Is 4242175313 a prime number?
False
Is 108274815631 composite?
False
Is 44166203449 prime?
True
Is 5889094097 a composite number?
True
Is 38825070311 a composite number?
False
Is 543221769 prime?
False
Is 28292455423 a composite number?
False
Is 8517665573 a composite number?
True
Is 71003123497 prime?
False
Is 22421286551 a composite number?
False
Is 53073123547 prime?
True
Is 583091987 a prime number?
True
Is 558950027 composite?
True
Is 710353661 a prime number?
True
Is 10990859483 composite?
False
Is 17094093817 a prime number?
False
Is 99273757729 prime?
False
Is 9607969201 composite?
True
Is 277392317 a prime number?
True
Is 432156547 composite?
False
Is 239306342701 a prime number?
False
Is 2411478649 composite?
False
Is 2506221779 composite?
False
Is 6937370173 a prime number?
True
Is 47564484139 a prime number?
False
Is 16897181 a prime number?
False
Is 960633781 composite?
False
Is 3695007193 composite?
True
Is 21621660967 a composite number?
True
Is 25306204535 a prime number?
False
Is 1611698771 prime?
True
Is 82143911 composite?
False
Is 8412189671 a prime number?
False
Is 81919534337 a prime number?
False
Is 14005792501 a prime number?
False
Is 1000864591 composite?
False
Is 733509281 a prime number?
True
Is 41030603 a prime number?
False
Is 9698694197 a composite number?
True
Is 310682287 a composite number?
False
Is 1379168233 composite?
False
Is 1137745109 a composite number?
True
Is 2029001921 a prime number?
False
Is 14190636833 prime?
False
Is 44483910439 a composite number?
False
Is 29578385141 prime?
False
Is 26406269147 composite?
False
Is 5116731679 composite?
False
Is 565605037 composite?
False
Is 356177993 a composite number?
True
Is 6104164837 a composite number?
False
Is 6799767113 prime?
False
Is 8476117127 composite?
False
Is 290827403 composite?
True
Is 1687839971 a composite number?
True
Is 1594044869 a composite number?
False
Is 50587745671 composite?
True
Is 2487287497 a composite number?
True
Is 99572410409 a prime number?
False
Is 3790746731 a prime number?
True
Is 113312338141 a composite number?
True
Is 27721163843 composite?
False
Is 7201365737 a composite number?
False
Is 24766921133 prime?
True
Is 72037897583 a prime number?
False
Is 771078209 a composite number?
True
Is 44755068317 a composite number?
True
Is 3343748909 a prime number?
True
Is 1322064599 prime?
False
Is 111403111 composite?
True
Is 6478985101 a composite number?
False
Is 621674353 a composite number?
True
Is 17824582471 a prime number?
False
Is 92759603 a prime number?
False
Is 21005868302 composite?
True
Is 1543152521 composite?
True
Is 45077866 prime?
False
Is 45877453 a prime number?
False
Is 24676510097 a prime number?
True
Is 354411391 a composite number?
True
Is 97826321699 prime?
True
Is 2271427663 a prime number?
True
Is 736425011 prime?
False
Is 8551374371 prime?
False
Is 368810479 a composite number?
False
Is 96323680139 prime?
False
Is 15813529117 prime?
True
Is 3512116271 prime?
False
Is 5677784597 composite?
False
Is 593054849 composite?
True
Is 17586587 composite?
False
Is 351312007 prime?
True
Is 24536087071 composite?
False
Is 177602759 prime?
True
Is 2072897201 a prime number?
True
Is 9619452473 a composite number?
True
Is 874944706 prime?
False
Is 34396904585 prime?
False
Is 390274381 prime?
False
Is 10503543319 prime?
False
Is 3281172287 a composite number?
False
Is 3902664943 composite?
False
Is 99063431807 a composite number?
False
Is 8300611523 a prime number?
False
Is 606127973 composite?
True
Is 10872930491 a prime number?
False
Is 2068399513 prime?
True
Is 2141791537 a prime number?
True
Is 1406526863 composite?
True
Is 258880649 composite?
False
Is 562001069 composite?
True
Is 129160643 prime?
True
Is 6041017189 a composite number?
False
Is 927814861 prime?
False
Is 1001381999 a prime number?
True
Is 3430666787 composite?
False
Is 1278024967 prime?
False
Is 45131563 a prime number?
True
Is 2934677221 a prime number?
False
Is 9024116809 prime?
False
Is 5653832609 a composite number?
True
Is 796920073 composite?
True
Is 462039955093 a prime number?
False
Is 5943250427 a composite number?
False
Is 53318715139 a composite number?
False
Is 1955587939 prime?
False
Is 5636246911 composite?
True
Is 27424997951 a composite number?
True
Is 11140557277 prime?
True
Is 23782773481 prime?
True
Is 367306180621 a composite number?
False
Is 59367719479 a prime number?
False
Is 1518150707 composite?
False
Is 3277782281 a prime number?
True
Is 1297490333 a prime number?
False
Is 40145589553 composite?
True
Is 2341814567 a prime number?
True
Is 67150621 prime?
False
Is 8637129721 prime?
False
Is 84786499409 a prime number?
False
Is 6380562149 composite?
True
Is 206591681 composite?
True
Is 1023311249 a composite number?
False
Is 13257833411 a composite number?
False
Is 624190591 a composite number?
False
Is 96928833577 prime?
False
Is 664590937 composite?
False
Is 32061991223 a prime number?
True
Is 3676833343 composite?
False
Is 8135358883 a prime number?
True
Is 36771277019 prime?
False
Is 188030587 a prime number?
True
Is 28336876559 a composite number?
False
Is 26710785991 prime?
True
Is 1252048747 a composite number?
True
Is 2146252799 prime?
True
Is 2545269505 composite?
True
Is 1175825054 prime?
False
Is 29032739863 a prime number?
True
Is 70893398599 composite?
True
Is 1133085157 a composite number?
False
Is 37940488709 a composite number?
False
Is 848754419 composite?
False
Is 18941415481 prime?
True
Is 220893054379 a composite number?
True
Is 96196949 composite?
False
Is 2071236793 a prime number?
True
Is 237822671741 a prime number?
False
Is 1524024317 prime?
True
Is 49185343 composite?
False
Is 3012548645 a composite number?
True
Is 945334613 composite?
False
Is 93257725333 a prime number?
False
Is 414723073 composite?
True
Is 615340097 prime?
True
Is 189574877 composite?
False
Is 846029803 composite?
True
Is 225171874435 a composite number?
True
Is 1677965951 a composite number?
False
Is 316724663 prime?
False
Is 4023788801 a composite number?
False
Is 2637824177 composite?
False
Is 98169244997 composite?
True
Is 1213353517 composite?
True
Is 8519856877 a composite number?
True
Is 1714444601 composite?
False
Is 2560301483 a composite number?
False
Is 60829596591 composite?
True
Is 6544707493 composite?
False
Is 15302106427 a composite number?
False
Is 7988129183 composite?
True
Is 10280146889 prime?
True
Is 9704471191 prime?
True
Is 302134487 a prime number?
False
Is 14106320419 composite?
True
Is 63786749 composite?
True
Is 41700220513 a composite number?
True
Is 3681056269 a prime number?
False
Is 2081036809 a composite number?
True
Is 23834308811 a prime number?
True
Is 33038000103 prime?
False
Is 1750869361 composite?
True
Is 450244637 prime?
True
Is 279163843 prime?
False
Is 6414600343 a composite number?
False
Is 4952974661 a prime number?
False
Is 4021716565 prime?
False
Is 5976027955 prime?
False
Is 47758627727 composite?
False
Is 26009933 prime?
True
Is 16505813657 a prime number?
False
Is 7214620649 composite?
True
Is 26744061629 prime?
False
Is 7052103453 composite?
True
Is 71729050